120 divide 425892?
False
Does 1238 divide 39340832?
False
Is 12666863 a multiple of 51?
False
Is 3546 a multiple of 197?
True
Is 247 a factor of 8421712?
True
Is 2 a factor of 1247420?
True
Does 8 divide 75187?
False
Is 2437 a factor of 31681?
True
Is 355982 a multiple of 126?
False
Does 56 divide 202490?
False
Is 109850 a multiple of 16?
False
Is 21 a factor of 1237746?
False
Is 295834 a multiple of 238?
True
Does 324 divide 71604?
True
Is 245 a factor of 135975?
True
Is 681700 a multiple of 100?
True
Does 20 divide 3194680?
True
Is 10090422 a multiple of 23?
True
Does 12 divide 918908?
False
Is 617850 a multiple of 413?
False
Is 211 a factor of 1863341?
True
Is 28512 a multiple of 9?
True
Is 174 a factor of 3252756?
True
Does 302 divide 1382254?
True
Is 7 a factor of 820876?
True
Is 101248 a multiple of 224?
True
Does 52 divide 1057928?
False
Does 532 divide 172120?
False
Does 317 divide 3438349?
False
Does 402 divide 1565388?
True
Does 2 divide 299263?
False
Is 86 a factor of 13034?
False
Does 2 divide 15011?
False
Is 10 a factor of 24624155?
False
Does 30 divide 36390?
True
Is 1179003 a multiple of 69?
True
Is 17588959 a multiple of 279?
False
Is 935346 a multiple of 15?
False
Is 34 a factor of 1559070?
True
Is 4283031 a multiple of 114?
False
Is 14 a factor of 1385034?
True
Does 13 divide 63921?
True
Is 7 a factor of 25854?
False
Is 10 a factor of 21937953?
False
Is 1035767 a multiple of 5?
False
Is 244137 a multiple of 102?
False
Is 1203080 a multiple of 725?
False
Does 179 divide 925967?
True
Is 114787 a multiple of 11?
False
Does 13 divide 1347310?
False
Does 207 divide 8223282?
True
Is 25 a factor of 149525?
True
Is 111723 a multiple of 14?
False
Is 8080640 a multiple of 10?
True
Does 348 divide 137367?
False
Does 24 divide 235552?
False
Is 44 a factor of 2775124?
True
Is 1194 a factor of 2013084?
True
Is 5 a factor of 569353?
False
Is 2793 a multiple of 49?
True
Does 14 divide 447552?
True
Is 34 a factor of 9762225?
False
Is 949050 a multiple of 999?
True
Is 212346 a multiple of 10?
False
Is 301 a factor of 37926?
True
Is 46 a factor of 279496?
True
Does 84 divide 9647512?
False
Does 19 divide 13300?
True
Does 61 divide 494161?
True
Does 328 divide 47997?
False
Is 59 a factor of 7670?
True
Does 7 divide 877805?
False
Is 86154 a multiple of 40?
False
Does 19 divide 1615?
True
Is 24 a factor of 66504?
True
Does 50 divide 933850?
True
Does 365 divide 7327375?
True
Is 196 a factor of 1418769?
False
Is 344825 a multiple of 13?
True
Is 6 a factor of 231396?
True
Does 218 divide 333463?
False
Is 16245594 a multiple of 369?
True
Is 16793560 a multiple of 280?
True
Does 1312 divide 8341696?
True
Is 51871 a multiple of 2?
False
Does 310 divide 2240911?
False
Is 927699 a multiple of 327?
True
Is 335554 a multiple of 43?
False
Does 287 divide 3906554?
False
Is 50 a factor of 112384?
False
Is 112 a factor of 373439?
False
Is 25 a factor of 291497?
False
Is 1277595 a multiple of 29?
True
Does 5 divide 3530?
True
Is 1174 a factor of 811234?
True
Is 5264805 a multiple of 1015?
True
Does 118 divide 213816?
True
Is 48 a factor of 1905872?
False
Does 18 divide 93679?
False
Is 73 a factor of 1603709?
False
Is 298816 a multiple of 92?
True
Is 195 a factor of 132990?
True
Is 67 a factor of 219493?
False
Is 244183 a multiple of 15?
False
Does 94 divide 9304?
False
Is 258 a factor of 19524261?
False
Is 701601 a multiple of 469?
False
Is 150717 a multiple of 54?
False
Does 196 divide 973336?
True
Is 4047214 a multiple of 16?
False
Is 31 a factor of 214117?
True
Is 620172 a multiple of 46?
True
Is 21 a factor of 3700850?
False
Is 21 a factor of 5604027?
False
Is 8 a factor of 38369?
False
Is 3691204 a multiple of 879?
False
Is 557664 a multiple of 6?
True
Does 20 divide 100520?
True
Does 130 divide 90090?
True
Is 41 a factor of 498465?
False
Is 78240 a multiple of 160?
True
Is 305100 a multiple of 75?
True
Is 108980 a multiple of 92?
False
Does 294 divide 1074864?
True
Is 23 a factor of 3766?
False
Is 1540700 a multiple of 14?
True
Is 763281 a multiple of 10?
False
Is 66 a factor of 49612?
False
Is 27770 a multiple of 29?
False
Does 7 divide 17105?
False
Is 15 a factor of 171447?
False
Does 20 divide 6900?
True
Is 1069008 a multiple of 24?
True
Does 145 divide 261144?
False
Is 179 a factor of 1097?
False
Is 46 a factor of 446368?
False
Is 413560 a multiple of 98?
True
Is 177102 a multiple of 288?
False
Is 140576 a multiple of 15?
False
Is 24 a factor of 5036782?
False
Does 395 divide 2277235?
False
Does 1186 divide 521840?
True
Is 277066 a multiple of 34?
True
Does 2 divide 18265?
False
Is 219 a factor of 2606319?
True
Is 470890 a multiple of 490?
True
Is 1371324 a multiple of 12?
True
Is 672809 a multiple of 258?
False
Is 785640 a multiple of 40?
True
Is 521639 a multiple of 467?
True
Does 17 divide 5170448?
True
Does 90 divide 154566?
False
Is 1690941 a multiple of 49?
True
Is 179173 a multiple of 143?
False
Does 186 divide 15047958?
True
Does 55 divide 34155?
True
Is 677007 a multiple of 9?
True
Does 19 divide 753711?
True
Is 11 a factor of 104548?
False
Is 1857063 a multiple of 15?
False
Does 94 divide 456381?
False
Is 9 a factor of 6337836?
True
Does 40 divide 93380?
False
Is 130488 a multiple of 12?
True
Is 68 a factor of 72420?
True
Is 219 a factor of 4828074?
True
Is 17 a factor of 42653?
True
Is 10 a factor of 79036?
False
Does 63 divide 40163?
False
Is 112804 a multiple of 3?
False
Does 2218 divide 6447726?
True
Is 786597 a multiple of 78?
False
Does 161 divide 383120?
False
Does 48 divide 169296?
True
Is 15 a factor of 17681?
False
Does 20 divide 834?
False
Is 29 a factor of 17108173?
True
Does 13 divide 1112384?
True
Is 158236 a multiple of 68?
True
Is 16 a factor of 207184?
True
Does 145 divide 4941221?
False
Is 14 a factor of 579684?
True
Is 517924 a multiple of 596?
True
Does 690 divide 4452689?
False
Does 15 divide 723600?
True
Does 51 divide 154224?
True
Is 56165 a multiple of 47?
True
Does 117 divide 310401?
True
Does 95 divide 5440935?
True
Is 12 a factor of 154380?
True
Is 1993912 a multiple of 82?
True
Is 5766111 a multiple of 39?
True
Does 4 divide 38933?
False
Does 12 divide 3662035?
False
Is 117820 a multiple of 10?
True
Is 230 a factor of 1415420?
True
Does 48 divide 150192?
True
Is 253 a factor of 19494409?
True
Is 76 a factor of 22375?
False
Is 93 a factor of 123132?
True
Is 56 a factor of 21560?
True
Is 46 a factor of 14216024?
True
Is 36 a factor of 1818108?
True
Is 427000 a multiple of 10?
True
Is 10 a factor of 613630?
True
Is 922408 a multiple of 8?
True
Is 6 a factor of 32092?
False
Is 735100 a multiple of 20?
True
Is 31 a factor of 64986?
False
Does 52 divide 122412?
False
Does 64 divide 99897?
False
Is 488448 a multiple of 53?
True
Is 721344 a multiple of 136?
True
Does 9 divide 4541183?
False
Does 6 divide 320058?
True
Is 95940 a multiple of 41?
True
Is 127 a factor of 77343?
True
Does 1014 divide 4871602?
False
Is 11746 a multiple of 14?
True
Is 1335770 a multiple of 223?
True
Is 185264 a multiple of 18?
False
Is 1234965 a multiple of 107?
False
Is 24 a factor of 3894216?
True
Is 174286 a multiple of 14?
True
Does 138 divide 2804436?
True
Is 14 a factor of 8554?
True
Is 143451 a multiple of 21?
True
Is 45267 a multiple of 10?
False
Is 42 a factor of 101304?
True
Is 121 a factor of 4310141?
True
Is 118 a factor of 479788?
True
Is 973 a factor of 1624337?
False
Is 4 a factor of 1485108?
True
Does 3 divide 56449?
False
Does 8 divide 606928?
True
Is 1370686 a multiple of 354?
False
Is 230 a factor of 3758216?
False
Is 281192 a multiple of 172?
False
Is 3823883 a multiple of 134?
False
Does 31 divide 3976277?
True
Is 70440 a multiple of 10?
True
Is 35 a factor of 30507?
False
Is 417571 a multiple of 17?
True
Is 8 a factor of 7568814?
False
Does 92 divide 1648645?
False
Is 51 a factor of 1423614?
True
Is 101 a factor of 3096767?
False
Is 24309 a multiple of 5?
False
Is 14455604 a multiple of 37?
True
Does 2224 divide 18672704?
True
Does 103 divide 161092?
True
Does 55 divide 293590?
True
Is 428130 a multiple of 9?
True
Is 13 a factor of 17898?
False
Is 305542 a multiple of 5?
False
Is 1380926 a multiple of 62?
True
Is 11 a factor of 10892?
False
Is 576 a multiple of 16?
True
Is 38 a factor of 74561?
False
Is 770551 a multip